reatest common divisor of k and c.
15
Suppose -2*r - 3 + 5 = 0. Let z be (4/(-6))/((-1)/3). Let y = z - r. What is the greatest common factor of 9 and y?
1
Let g(w) = 2*w**2 - 9*w - 8. Let y(n) = -n + 1. Let h be y(-6). Let r be g(h). Let o be (-2)/9 + 492/r. What is the highest common divisor of o and 27?
9
Let l(h) = -h**3 - 2*h**2 + h - 2. Let r be l(-3). Let v be 1/r + 57/12. Let b(c) = c + 5. Let a be b(0). Calculate the greatest common divisor of a and v.
5
Let m = -93 + 197. Calculate the greatest common factor of m and 13.
13
Let s be (-2)/5 - (-182)/5. Let p be -9*(64/(-60) + (-2)/(-5)). Calculate the highest common factor of p and s.
6
Let r = 7 - 7. Suppose 2*j = 7*j + 2*z - 8, 4*j + z - 7 = r. Suppose -31 = -2*n + n - 5*a, 3*a + 10 = j*n. What is the greatest common divisor of 22 and n?
11
Suppose 392 = 4*l - 2*l. What is the highest common factor of l and 28?
28
Let m be -1*(-3)/6*10. Suppose -m*b + 10*b = 80. Calculate the greatest common divisor of b and 16.
16
Suppose -2*w + 0*u + 5*u = -1, -2*w + 3*u + 7 = 0. Calculate the highest common factor of 20 and w.
4
Let u(c) = 6*c - 3. Let o be -2 + (2 - 4/(-2)). Let s be u(o). Calculate the highest common factor of 1 and s.
1
Let i(c) = -c**3 + 4*c**2 + 6*c - 5. Let z be i(5). Let p = 4 + z. Suppose j = 5*u - 109, p*j + 51 + 70 = 5*u. Calculate the highest common factor of u and 126.
21
Suppose 3*a - 306 = a. Suppose 20 + 2 = 2*n. Suppose 6 = p - n. Calculate the greatest common factor of a and p.
17
Suppose -3 = -4*z - 15. Let u be 33 - 0/(-1 - z). Suppose -11 = 12*q - 13*q. What is the greatest common divisor of u and q?
11
Let h(v) be the first derivative of 17*v**2 + 2*v - 1. Let m be h(2). What is the highest common factor of 10 and m?
10
Let f be 176/(-40) - (-3)/(-5). Let y = 12 - f. Calculate the greatest common divisor of y and 34.
17
Suppose -2*x = 4, -j + 0*j + 10 = -3*x. Let l be (j/6)/((-2)/(-72)). Calculate the highest common factor of 36 and l.
12
Let n = 19 - 15. Suppose -7*z - 20 = -12*z. Calculate the greatest common divisor of z and n.
4
Let w = 19 + -6. Suppose b = -3*r - 2, 0 = 3*b - 5*r - w - 9. Suppose b*k - 10 = -n + 55, 3*n = 3*k - 45. What is the highest common factor of k and 128?
16
Suppose 4*f + 0*f = 128. Let h be -3*4/(-6) + 33. Suppose -y = -45 - h. Calculate the greatest common divisor of y and f.
16
Let n be 13 + 0*(-1)/(-2). Let d be 88/4 - (-2 - -2). Let u = d + n. Calculate the highest common divisor of u and 5.
5
Let s be (-6)/4*(-136)/12. Suppose -s = -2*a + 7. Calculate the highest common divisor of a and 36.
12
Let j = 29 - 19. Let r(d) = d**3 - 9*d**2 - 10*d + 5. Let y be r(j). What is the highest common factor of y and 35?
5
Suppose 0*s - 8 = -4*s. Let m be 12 + (3 - (2 - 1)). Calculate the highest common factor of s and m.
2
Let r(m) = -m**2 - 4*m + 3. Let p be r(-4). Suppose -p*s + 0*s + 69 = 0. Let l = 35 + -12. Calculate the greatest common factor of s and l.
23
Let r(h) = 89*h**2 + 1. Let o be r(1). What is the greatest common divisor of o and 36?
18
Suppose -4*z + 6*z - 8 = 0. Let g(m) = 1. Let y(w) = 2*w - 7. Let a(n) = 4*g(n) + y(n). Let l be a(z). Calculate the greatest common divisor of 10 and l.
5
Let g be (48/(-28))/(1/(-7)). What is the highest common divisor of 132 and g?
12
Let v(d) = d**3 - 2*d**2 - 2*d + 2. Let g be v(3). Suppose 0 = -g*c + 2*c + 66. What is the highest common factor of c and 242?
22
Suppose 0 = 3*z + 6, 0*z + z + 122 = 4*v. Let f(k) = k**3 + 8*k**2 + 5*k - 5. Let c be f(-5). What is the highest common divisor of c and v?
15
Suppose 7*a - 3*a - 16 = 2*j, -2*a = 4*j + 12. Suppose -a*r = -34 - 46. What is the greatest common factor of 8 and r?
8
Let r = -55 - -74. Calculate the greatest common factor of 95 and r.
19
Let k(w) = 2*w**2 + 2*w + 3. Suppose 5*z + u + 15 = 6*u, 4*z - u + 9 = 0. Let i be k(z). Calculate the highest common divisor of 1 and i.
1
Suppose 0 = 2*b - 4, 0 = -0*k - 5*k - b + 42. Calculate the greatest common divisor of 20 and k.
4
Let m = 7 + 3. Calculate the highest common divisor of m and 2.
2
Let a(m) = -m - 4. Let y be a(-13). Suppose 3*n - y = 12. Calculate the greatest common factor of 63 and n.
7
Let i = 148 - 82. What is the greatest common divisor of 44 and i?
22
Let b be 12*-4*1/(-12). Suppose b*y + 22 = 5*y. What is the greatest common factor of 11 and y?
11
Suppose 0 = 8*b - 4*b + 24. Let w be (-15)/b*(-14)/(-5). Calculate the highest common factor of w and 28.
7
Suppose 4*b - 2*b - 212 = 0. Suppose -o + 3*j = 4*o - 495, -o + 2*j = -b. Let a be (0 - -11)*1 - -1. Calculate the highest common divisor of o and a.
12
Let k(y) = -3*y**2 - 2*y - 3. Let m be k(-3). Let c = -17 - m. Let t be 4/(-2) - (-15)/5. What is the highest common divisor of c and t?
1
Suppose s = -44 + 143. Let u be 338/39 - 2/(-6). Calculate the greatest common factor of u and s.
9
Suppose 0 = -7*y + 4*y + 6. Let g = 28 - 27. What is the highest common divisor of g and y?
1
Let c(j) = -j**3 - 7*j**2 + 10*j + 6. Let f be c(-8). Let y = f - -22. Calculate the greatest common divisor of y and 8.
4
Suppose -19 = -c + 29. Let t(g) = -g + 4*g + 2*g**2 - 2*g. Let k be t(-2). What is the highest common factor of k and c?
6
Let j be (-18)/4*16/(-12). Calculate the highest common factor of 48 and j.
6
Let y(f) = 6*f - 6. Let m be y(3). Calculate the greatest common factor of m and 24.
12
Suppose 13 = -4*b + 1. Let r(q) = -14*q - 2. Let l be r(b). What is the highest common factor of 5 and l?
5
Suppose 2*f + 3*f = x - 48, 46 = -5*f + 2*x. Let q be 4/f - 12/(-5). What is the highest common factor of q and 22?
2
Suppose -4*s + 4 = 4*h, 3*h + 2 = s + 13. What is the highest common factor of 9 and h?
3
Suppose 9*u - 5 = 49. Suppose -c - 2*y + 19 = 0, 0*y - y = c - 17. Suppose 0 = -i - 0*i + c. Calculate the highest common divisor of i and u.
3
Suppose -n = 2*f - 12, 29 = 3*f + 4*n + 1. Suppose -2*p + 58 = 3*r, f*p - 41 = -r - p. What is the greatest common factor of r and 32?
16
Let r(n) = n**3 - 8*n**2 - 15*n + 13. Let d be r(10). What is the highest common divisor of d and 9?
9
Let t be (-84)/(-3) + (3 - 1) - 4. Suppose -4*s + 3*f + 49 = 2*f, -3*f + 9 = 0. What is the greatest common factor of s and t?
13
Suppose -2*r = -5*n - 4, r - 4*r = n - 6. Let k = 0 - -6. What is the highest common divisor of r and k?
2
Let o be 4 - -2 - (0 + 4). Suppose -4*t - 18 = 2*w + 10, 45 = -5*w - 5*t. Let c be ((-2 - w) + 2)/2. Calculate the highest common divisor of c and o.
2
Suppose -4*h - 24 = -44. What is the highest common divisor of 155 and h?
5
Let m(c) = -c + 11. Let g be m(-6). What is the highest common divisor of g and 102?
17
Let w be (-1)/(-6) - (-22)/12. Let n = -3 + 5. Calculate the highest common factor of n and w.
2
Suppose 5*k = -0*k + 10. Suppose 39 = n + k*n. What is the highest common factor of 65 and n?
13
Let n be (1/((-3)/3))/(2/(-46)). Calculate the greatest common divisor of n and 69.
23
Suppose 2*d + 100 = 4*v, -2*v + 15 + 29 = -4*d. Calculate the greatest common factor of 26 and v.
26
Suppose 11*a = 2*s + 7*a - 568, 3*s + a = 866. Calculate the highest common divisor of s and 32.
32
Suppose -2*j = -2*r + 2*j + 304, 0 = 3*r - 5*j - 455. What is the greatest common divisor of 30 and r?
30
Let u be (-1)/((-333)/165 + 2). Let w(x) = 8*x**3 + x**2 - 3*x + 1. Let a be w(2). Suppose a = 3*m - 3. What is the greatest common factor of m and u?
11
Let q(y) = 7*y**2 - 3*y - 2. Let u be q(-2). Let p be ((-27)/12)/((-3)/u). Calculate the highest common factor of 8 and p.
8
Suppose -3*h - 74 = -5*z, -42 = -3*z - h + 4*h. Suppose -2*l + 43 + 21 = 0. What is the highest common factor of l and z?
16
Let k be 336/64*-4*(-1 + -7). What is the greatest common factor of k and 12?
12
Suppose 0 = -2*z + z, 4*z + 40 = 5*i. Suppose 6 + 10 = 4*y. Suppose -12 - y = -4*w. What is the highest common divisor of i and w?
4
Suppose -4*n = -i + 28, 0*i + 2*n = 5*i - 50. What is the highest common factor of 1 and i?
1
Let x(y) = 2*y**2 - 6*y - 6. Let o be x(6). Let r(l) = -l**3 - 3*l**2 - 3*l + 3. Let j be r(-3). Calculate the greatest common factor of o and j.
6
Let q = 5 - 6. Let j be (-1)/q - (0 + 1). Suppose j = n + n - 18. Calculate the greatest common factor of 1 and n.
1
Let o be 24/((-8)/(-4)) + 1. What is the highest common factor of 